{"id":1223,"date":"2024-07-29T09:08:43","date_gmt":"2024-07-29T07:08:43","guid":{"rendered":"http:\/\/www.lamhotte.fr\/ecole\/?page_id=1223"},"modified":"2025-06-24T12:10:39","modified_gmt":"2025-06-24T10:10:39","slug":"campagne-pour-lacquisition-du-chateau-de-la-mhotte","status":"publish","type":"page","link":"http:\/\/www.lamhotte.fr\/ecole\/campagne-pour-lacquisition-du-chateau-de-la-mhotte\/","title":{"rendered":"Collecte de dons pour l&rsquo;acquisition du Ch\u00e2teau de la Mhotte"},"content":{"rendered":"\n\n\n<p><img loading=\"lazy\" decoding=\"async\" class=\"aligncenter size-large wp-image-1262\" src=\"http:\/\/www.lamhotte.fr\/ecole\/wp-content\/uploads\/2025\/03\/IMG_4946-scaled-e1743146177726-1024x560.jpg\" alt=\"\" width=\"678\" height=\"371\" srcset=\"http:\/\/www.lamhotte.fr\/ecole\/wp-content\/uploads\/2025\/03\/IMG_4946-scaled-e1743146177726-1024x560.jpg 1024w, http:\/\/www.lamhotte.fr\/ecole\/wp-content\/uploads\/2025\/03\/IMG_4946-scaled-e1743146177726-300x164.jpg 300w, http:\/\/www.lamhotte.fr\/ecole\/wp-content\/uploads\/2025\/03\/IMG_4946-scaled-e1743146177726-768x420.jpg 768w, http:\/\/www.lamhotte.fr\/ecole\/wp-content\/uploads\/2025\/03\/IMG_4946-scaled-e1743146177726-1536x841.jpg 1536w, http:\/\/www.lamhotte.fr\/ecole\/wp-content\/uploads\/2025\/03\/IMG_4946-scaled-e1743146177726-2048x1121.jpg 2048w\" sizes=\"auto, (max-width: 678px) 100vw, 678px\" \/><\/p>\n<p><i>Donnons des racines et des ailes \u00e0 l\u2019<\/i><em>\u00c9<\/em><i>cole de la Mhotte ! <\/i><\/p>\n<p>Le domaine du Ch\u00e2teau de la Mhotte, qui s\u2019\u00e9tend sur 14 hectares, abrite depuis 1979 notre \u00c9cole et depuis 2002 l\u2019habitat participatif <a href=\"https:\/\/acoeurlamhotte.fr\/\" target=\"_blank\" rel=\"noopener\">Acoeur<\/a> li\u00e9 \u00e0 l&rsquo;\u00c9cole. <b>Le bail emphyt\u00e9otique dont b\u00e9n\u00e9ficient les associations de l\u2019\u00c9cole et d\u2019Acoeur s\u2019ach\u00e8ve en mai 2027<\/b>. Fin 2023, nous sommes parvenus avec l\u2019actuel propri\u00e9taire \u00e0 un bon accord sur le prix de vente, fix\u00e9 \u00e0 292 000 \u20ac et garanti jusqu\u2019\u00e0 fin 2025.<\/p>\n<p><b>Pour d\u00e9velopper et p\u00e9renniser les projets de l\u2019\u00c9cole et d\u2019Acoeur, les ancrer durablement sur leur territoire, une campagne internationale de collecte de dons a \u00e9t\u00e9 lanc\u00e9e visant \u00e0 ce que le fonds de dotation <em>Fraternit\u00e9 pour Demain<\/em> puisse acheter le domaine et le sanctuariser.<\/b> L\u2019usage sera p\u00e9rennis\u00e9 par un bail emphyt\u00e9otique de 99 ans donn\u00e9 aux associations de l&rsquo;\u00c9cole d\u2019Acoeur.<\/p>\n<p>Cr\u00e9\u00e9 en 2021, <em><a href=\"https:\/\/fraternitepourdemain.org\/\" target=\"_blank\" rel=\"noopener\">Fraternit\u00e9 pour Demain<\/a><\/em> \u00e0 vocation d&rsquo;encourager la cr\u00e9ation de communs, de proposer une solution juridique pour soustraire des march\u00e9s (immobilier et financier), des terres et des b\u00e2tis pour assurer la p\u00e9rennit\u00e9 de leur usage commun. A ce jour, le fonds abrite aujourd\u2019hui plusieurs biens fonciers et immobiliers dans sa dotation, qui s\u2019\u00e9l\u00e8ve \u00e0 pr\u00e8s de 3 millions d\u2019euros.\u00a0<\/p>\n<p><b>L\u2019objectif n. 1 consiste \u00e0 r\u00e9unir 332 200 \u20ac d\u2019ici fin 2025<\/b> (= 292 000 \u20ac + les frais d\u2019acquisition, notaire, diagnostics immobiliers,\u00a0 etc. = 332 000 \u20ac). <i>L&rsquo;objectif n. 2 <\/i>c<i>onsistant \u00e0 r\u00e9unir dans l\u2019ann\u00e9e suivant la vente 87 800 \u20ac pour financer les travaux obligatoires de mise aux normes de l\u2019assainissement.\u00a0<\/i><\/p>\n<p><strong>Au 21 juin 2025, nous avons r\u00e9uni les fonds n\u00e9cessaires \u00e0 l&rsquo;acquisition du Ch\u00e2teau de la Mhotte<\/strong>, gr\u00e2ce au soutien du <em>Bradley Impact Fund<\/em> et de <em>RSF Social Finance Michael Fund<\/em> (USA), du fonds de soutien \u00e0 la p\u00e9dagogie Steiner-Waldorf <em>Liens d&rsquo;Avenir<\/em>,\u00a0de la fondation allemande <i>Waldorf Stiftung im Bund der Freien Waldorfschulen <\/i>et de plus de 150 donateurs particuliers. La fondation allemande Micha\u00ebl s\u2019est engag\u00e9e de son c\u00f4t\u00e9 \u00e0 prendre en charge les travaux de cr\u00e9ation d\u2019une salle polyvalente pour l&rsquo;\u00c9cole au ch\u00e2teau. Nous leur sommes tous profond\u00e9ment reconnaissants !<\/p>\n<p>Consultez la <a href=\"http:\/\/www.lamhotte.fr\/ecole\/wp-content\/uploads\/2025\/03\/Brochure-acquisition-Chateau-de-la-Mhotte-mars-2025-double-page.pdf\" target=\"_blank\" rel=\"noopener\">brochure de pr\u00e9sentation <\/a>pour plus de d\u00e9tails sur le projet. Arnaud Toussaint, membre du Conseil d\u2019administration de l\u2019\u00c9cole, r\u00e9pondra avec plaisir \u00e0 vos questions, par mail \u00e0\u00a0<a href=\"mailto:ecole@lamhotte.fr\">ecole@lamhotte.fr<\/a> ou par t\u00e9l\u00e9phone au 06 69 09 67 80.\u00a0<\/p>\n<p>\u00a0<\/p>\n","protected":false},"excerpt":{"rendered":"<p>Donnons des racines et des ailes \u00e0 l\u2019\u00c9cole de la Mhotte ! Le domaine du Ch\u00e2teau de la Mhotte, qui s\u2019\u00e9tend sur 14 hectares, abrite depuis 1979 notre \u00c9cole et <a class=\"more-link\" href=\"http:\/\/www.lamhotte.fr\/ecole\/campagne-pour-lacquisition-du-chateau-de-la-mhotte\/\">Continue Reading &rarr;<\/a><\/p>\n","protected":false},"author":1,"featured_media":0,"parent":0,"menu_order":0,"comment_status":"closed","ping_status":"closed","template":"","meta":{"footnotes":""},"class_list":["post-1223","page","type-page","status-publish","hentry"],"_links":{"self":[{"href":"http:\/\/www.lamhotte.fr\/ecole\/wp-json\/wp\/v2\/pages\/1223","targetHints":{"allow":["GET"]}}],"collection":[{"href":"http:\/\/www.lamhotte.fr\/ecole\/wp-json\/wp\/v2\/pages"}],"about":[{"href":"http:\/\/www.lamhotte.fr\/ecole\/wp-json\/wp\/v2\/types\/page"}],"author":[{"embeddable":true,"href":"http:\/\/www.lamhotte.fr\/ecole\/wp-json\/wp\/v2\/users\/1"}],"replies":[{"embeddable":true,"href":"http:\/\/www.lamhotte.fr\/ecole\/wp-json\/wp\/v2\/comments?post=1223"}],"version-history":[{"count":15,"href":"http:\/\/www.lamhotte.fr\/ecole\/wp-json\/wp\/v2\/pages\/1223\/revisions"}],"predecessor-version":[{"id":1311,"href":"http:\/\/www.lamhotte.fr\/ecole\/wp-json\/wp\/v2\/pages\/1223\/revisions\/1311"}],"wp:attachment":[{"href":"http:\/\/www.lamhotte.fr\/ecole\/wp-json\/wp\/v2\/media?parent=1223"}],"curies":[{"name":"wp","href":"https:\/\/api.w.org\/{rel}","templated":true}]}}

Collecte de dons pour l&rsquo;acquisition du Château de la Mhotte

<p><img loading="lazy" decoding="async" class="aligncenter size-large wp-image-1262" src="http://www.lamhotte.fr/ecole/wp-content/uploads/2025/03/IMG_4946-scaled-e1743146177726-1024x560.jpg" alt="" width="678" height="371" srcset="http://www.lamhotte.fr/ecole/wp-content/uploads/2025/03/IMG_4946-scaled-e1743146177726-1024x560.jpg 1024w, http://www.lamhotte.fr/ecole/wp-content/uploads/2025/03/IMG_4946-scaled-e1743146177726-300x164.jpg 300w, http://www.lamhotte.fr/ecole/wp-content/uploads/2025/03/IMG_4946-scaled-e1743146177726-768x420.jpg 768w, http://www.lamhotte.fr/ecole/wp-content/uploads/2025/03/IMG_4946-scaled-e1743146177726-1536x841.jpg 1536w, http://www.lamhotte.fr/ecole/wp-content/uploads/2025/03/IMG_4946-scaled-e1743146177726-2048x1121.jpg 2048w" sizes="auto, (max-width: 678px) 100vw, 678px" /></p>
<p><i>Donnons des racines et des ailes à l’</i><em>É</em><i>cole de la Mhotte ! </i></p>
<p>Le domaine du Château de la Mhotte, qui s’étend sur 14 hectares, abrite depuis 1979 notre École et depuis 2002 l’habitat participatif <a href="https://acoeurlamhotte.fr/" target="_blank" rel="noopener">Acoeur</a> lié à l&rsquo;École. <b>Le bail emphytéotique dont bénéficient les associations de l’École et d’Acoeur s’achève en mai 2027</b>. Fin 2023, nous sommes parvenus avec l’actuel propriétaire à un bon accord sur le prix de vente, fixé à 292 000 € et garanti jusqu’à fin 2025.</p>
<p><b>Pour développer et pérenniser les projets de l’École et d’Acoeur, les ancrer durablement sur leur territoire, une campagne internationale de collecte de dons a été lancée visant à ce que le fonds de dotation <em>Fraternité pour Demain</em> puisse acheter le domaine et le sanctuariser.</b> L’usage sera pérennisé par un bail emphytéotique de 99 ans donné aux associations de l&rsquo;École d’Acoeur.</p>
<p>Créé en 2021, <em><a href="https://fraternitepourdemain.org/" target="_blank" rel="noopener">Fraternité pour Demain</a></em> à vocation d&rsquo;encourager la création de communs, de proposer une solution juridique pour soustraire des marchés (immobilier et financier), des terres et des bâtis pour assurer la pérennité de leur usage commun. A ce jour, le fonds abrite aujourd’hui plusieurs biens fonciers et immobiliers dans sa dotation, qui s’élève à près de 3 millions d’euros. </p>
<p><b>L’objectif n. 1 consiste à réunir 332 200 € d’ici fin 2025</b> (= 292 000 € + les frais d’acquisition, notaire, diagnostics immobiliers,  etc. = 332 000 €). <i>L&rsquo;objectif n. 2 </i>c<i>onsistant à réunir dans l’année suivant la vente 87 800 € pour financer les travaux obligatoires de mise aux normes de l’assainissement. </i></p>
<p><strong>Au 21 juin 2025, nous avons réuni les fonds nécessaires à l&rsquo;acquisition du Château de la Mhotte</strong>, grâce au soutien du <em>Bradley Impact Fund</em> et de <em>RSF Social Finance Michael Fund</em> (USA), du fonds de soutien à la pédagogie Steiner-Waldorf <em>Liens d&rsquo;Avenir</em>, de la fondation allemande <i>Waldorf Stiftung im Bund der Freien Waldorfschulen </i>et de plus de 150 donateurs particuliers. La fondation allemande Michaël s’est engagée de son côté à prendre en charge les travaux de création d’une salle polyvalente pour l&rsquo;École au château. Nous leur sommes tous profondément reconnaissants !</p>
<p>Consultez la <a href="http://www.lamhotte.fr/ecole/wp-content/uploads/2025/03/Brochure-acquisition-Chateau-de-la-Mhotte-mars-2025-double-page.pdf" target="_blank" rel="noopener">brochure de présentation </a>pour plus de détails sur le projet. Arnaud Toussaint, membre du Conseil d’administration de l’École, répondra avec plaisir à vos questions, par mail à <a href="mailto:ecole@lamhotte.fr">ecole@lamhotte.fr</a> ou par téléphone au 06 69 09 67 80. </p>
<p> </p>

<p>Donnons des racines et des ailes à l’École de la Mhotte ! Le domaine du Château de la Mhotte, qui s’étend sur 14 hectares, abrite depuis 1979 notre École et <a class="more-link" href="http://www.lamhotte.fr/ecole/campagne-pour-lacquisition-du-chateau-de-la-mhotte/">Continue Reading &rarr;</a></p>
