{"id":73,"date":"2014-05-22T20:28:29","date_gmt":"2014-05-22T18:28:29","guid":{"rendered":"http:\/\/www.lamhotte.fr\/ecole\/?page_id=73"},"modified":"2024-07-25T19:25:26","modified_gmt":"2024-07-25T17:25:26","slug":"inscription","status":"publish","type":"page","link":"http:\/\/www.lamhotte.fr\/ecole\/lecole-2\/inscription\/","title":{"rendered":"Inscription"},"content":{"rendered":"<p>Si vous \u00eates int\u00e9ress\u00e9 par notre \u00e9cole, vous pouvez joindre l\u2019Ecole par courrier, t\u00e9l\u00e9phone ou mail. (voir rubrique\u00a0<a title=\"Contact et Acc\u00e8s\" href=\"http:\/\/www.lamhotte.fr\/ecole\/contact-et-acces\/\">Contacts et Acc\u00e8s<\/a>\u00a0)<\/p>\n<p>Toute demande de renseignements sera dirig\u00e9e vers notre secr\u00e9taire, Arnaud Toussaint, qui r\u00e9pondra \u00e0 vos questions ou transmettra votre demande aux bonnes personnes.<\/p>\n<p>Un rendez-vous sera fix\u00e9 avec le professeur de classe concern\u00e9 et un autre membre du Coll\u00e8ge qui rencontreront les parents ainsi que l&rsquo;enfant. \u00c0 cette \u00e9tape, les professeurs prendront le temps de rencontrer la famille, pr\u00e9senteront l&rsquo;Ecole, les diff\u00e9rents aspects de la p\u00e9dagogie et du programme et\u00a0r\u00e9pondront aux questions sur ces aspects. Ils prendront aussi un moment pour faire plus ample connaissance avec l&rsquo;enfant.<\/p>\n<p>Suite \u00e0 cet entretien, le professeur de classe notifiera s\u2019il donne son accord\u00a0 pour l\u2019inscription de l\u2019enfant d\u2019un point de vue p\u00e9dagogique. Si la r\u00e9ponse est positive, un rendez-vous est pris avec deux membres du Conseil d\u2019administration afin de r\u00e9gler les aspects financiers, de donner d\u2019autres informations sur le fonctionnement de l\u2019Ecole, de r\u00e9pondre \u00e0 toutes les autres questions des parents et de confirmer ou non l&rsquo;inscription.<\/p>\n<p>Enfin, un dossier d\u2019inscription est \u00e0 remplir et \u00e0 rendre au secr\u00e9tariat.<\/p>\n","protected":false},"excerpt":{"rendered":"<p>Si vous \u00eates int\u00e9ress\u00e9 par notre \u00e9cole, vous pouvez joindre l\u2019Ecole par courrier, t\u00e9l\u00e9phone ou mail. (voir rubrique\u00a0Contacts et Acc\u00e8s\u00a0) Toute demande de renseignements sera dirig\u00e9e vers notre secr\u00e9taire, Arnaud <a class=\"more-link\" href=\"http:\/\/www.lamhotte.fr\/ecole\/lecole-2\/inscription\/\">Continue Reading &rarr;<\/a><\/p>\n","protected":false},"author":1,"featured_media":0,"parent":22,"menu_order":0,"comment_status":"closed","ping_status":"closed","template":"","meta":{"footnotes":""},"class_list":["post-73","page","type-page","status-publish","hentry"],"_links":{"self":[{"href":"http:\/\/www.lamhotte.fr\/ecole\/wp-json\/wp\/v2\/pages\/73","targetHints":{"allow":["GET"]}}],"collection":[{"href":"http:\/\/www.lamhotte.fr\/ecole\/wp-json\/wp\/v2\/pages"}],"about":[{"href":"http:\/\/www.lamhotte.fr\/ecole\/wp-json\/wp\/v2\/types\/page"}],"author":[{"embeddable":true,"href":"http:\/\/www.lamhotte.fr\/ecole\/wp-json\/wp\/v2\/users\/1"}],"replies":[{"embeddable":true,"href":"http:\/\/www.lamhotte.fr\/ecole\/wp-json\/wp\/v2\/comments?post=73"}],"version-history":[{"count":6,"href":"http:\/\/www.lamhotte.fr\/ecole\/wp-json\/wp\/v2\/pages\/73\/revisions"}],"predecessor-version":[{"id":1214,"href":"http:\/\/www.lamhotte.fr\/ecole\/wp-json\/wp\/v2\/pages\/73\/revisions\/1214"}],"up":[{"embeddable":true,"href":"http:\/\/www.lamhotte.fr\/ecole\/wp-json\/wp\/v2\/pages\/22"}],"wp:attachment":[{"href":"http:\/\/www.lamhotte.fr\/ecole\/wp-json\/wp\/v2\/media?parent=73"}],"curies":[{"name":"wp","href":"https:\/\/api.w.org\/{rel}","templated":true}]}}