{"id":139,"date":"2014-05-22T23:08:05","date_gmt":"2014-05-22T21:08:05","guid":{"rendered":"http:\/\/www.lamhotte.fr\/ecole\/?page_id=139"},"modified":"2022-09-06T15:21:42","modified_gmt":"2022-09-06T13:21:42","slug":"le-secretariat","status":"publish","type":"page","link":"https:\/\/www.lamhotte.fr\/ecole\/lorganisation-sociale\/le-secretariat\/","title":{"rendered":"Le secr\u00e9tariat"},"content":{"rendered":"<p>Arnaud Toussaint, notre secr\u00e9taire, s\u2019occupe de l\u2019accueil t\u00e9l\u00e9phonique et physique. Il g\u00e8re le quotidien administratif de l\u2019Ecole et travaille en lien \u00e9troit avec les professeurs et les membres du Conseil d\u2019Administration.<br \/>\nIl assure \u00e9galement, en lien avec un professeur, l\u2019\u00e9mission de la Lettre de Liaison pour les parents\u00a0; cette lettre permet le lien entre parents et professeurs pour toutes les f\u00eates, les r\u00e9unions, les besoins mat\u00e9riels du moment. Elle est un organe d\u2019informations des Coll\u00e8ges p\u00e9dagogiques, de Direction et plus ponctuellement du Conseil d\u2019Administration.<\/p>\n<p>N&rsquo;h\u00e9sitez pas \u00e0 le contacter <a href=\"http:\/\/www.lamhotte.fr\/ecole\/contact-et-acces\/\">ici.<\/a><\/p>\n","protected":false},"excerpt":{"rendered":"<p>Arnaud Toussaint, notre secr\u00e9taire, s\u2019occupe de l\u2019accueil t\u00e9l\u00e9phonique et physique. Il g\u00e8re le quotidien administratif de l\u2019Ecole et travaille en lien \u00e9troit avec les professeurs et les membres du Conseil <a class=\"more-link\" href=\"https:\/\/www.lamhotte.fr\/ecole\/lorganisation-sociale\/le-secretariat\/\">Continue Reading &rarr;<\/a><\/p>\n","protected":false},"author":1,"featured_media":0,"parent":129,"menu_order":0,"comment_status":"closed","ping_status":"closed","template":"","meta":{"footnotes":""},"class_list":["post-139","page","type-page","status-publish","hentry"],"_links":{"self":[{"href":"https:\/\/www.lamhotte.fr\/ecole\/wp-json\/wp\/v2\/pages\/139","targetHints":{"allow":["GET"]}}],"collection":[{"href":"https:\/\/www.lamhotte.fr\/ecole\/wp-json\/wp\/v2\/pages"}],"about":[{"href":"https:\/\/www.lamhotte.fr\/ecole\/wp-json\/wp\/v2\/types\/page"}],"author":[{"embeddable":true,"href":"https:\/\/www.lamhotte.fr\/ecole\/wp-json\/wp\/v2\/users\/1"}],"replies":[{"embeddable":true,"href":"https:\/\/www.lamhotte.fr\/ecole\/wp-json\/wp\/v2\/comments?post=139"}],"version-history":[{"count":6,"href":"https:\/\/www.lamhotte.fr\/ecole\/wp-json\/wp\/v2\/pages\/139\/revisions"}],"predecessor-version":[{"id":1064,"href":"https:\/\/www.lamhotte.fr\/ecole\/wp-json\/wp\/v2\/pages\/139\/revisions\/1064"}],"up":[{"embeddable":true,"href":"https:\/\/www.lamhotte.fr\/ecole\/wp-json\/wp\/v2\/pages\/129"}],"wp:attachment":[{"href":"https:\/\/www.lamhotte.fr\/ecole\/wp-json\/wp\/v2\/media?parent=139"}],"curies":[{"name":"wp","href":"https:\/\/api.w.org\/{rel}","templated":true}]}}