{"id":21,"date":"2014-04-16T02:13:24","date_gmt":"2014-04-16T00:13:24","guid":{"rendered":"http:\/\/lamhotte.fr\/ecole\/?page_id=21"},"modified":"2026-02-25T20:05:36","modified_gmt":"2026-02-25T19:05:36","slug":"accueil","status":"publish","type":"page","link":"https:\/\/www.lamhotte.fr\/ecole\/","title":{"rendered":"Accueil"},"content":{"rendered":"<p><img loading=\"lazy\" decoding=\"async\" class=\"aligncenter wp-image-1343 size-full\" src=\"http:\/\/www.lamhotte.fr\/ecole\/wp-content\/uploads\/2026\/02\/PO-14-mars-2026.jpg\" alt=\"\" width=\"700\" height=\"990\" srcset=\"https:\/\/www.lamhotte.fr\/ecole\/wp-content\/uploads\/2026\/02\/PO-14-mars-2026.jpg 700w, https:\/\/www.lamhotte.fr\/ecole\/wp-content\/uploads\/2026\/02\/PO-14-mars-2026-212x300.jpg 212w\" sizes=\"auto, (max-width: 700px) 100vw, 700px\" \/><\/p>\n<p><em>Nos derni\u00e8res nouvelles dans notre dernier <\/em><a href=\"https:\/\/mailchi.mp\/82ba20fa41d9\/bulletin-dinfo-cole-de-la-mhotte-juillet-12935264?e=1a348d8041\" target=\"_blank\" rel=\"noopener\"><em>bulletin d&rsquo;info<\/em><\/a><\/p>\n<p>L\u2019\u00c9cole de la Mhotte est une \u00e9cole dont le projet \u00e9ducatif se fonde sur la p\u00e9dagogie Steiner-Waldorf. Elle accueille une centaine d&rsquo;enfants de 3 ans et demi \u00e0 16 ans (du Jardin d&rsquo;enfants \u00e0 la 10\u00e8me classe).<\/p>\n<p>Nous voulons, \u00e0 travers cette p\u00e9dagogie, permettre \u00e0 l\u2019enfant de devenir libre de penser et d\u2019agir en l\u2019aidant \u00e0 construire des liens de confiance avec lui-m\u00eame, avec les autres \u2013 enfants et adultes, et avec le monde qui l\u2019entoure. Cette confiance ne s\u2019enseigne pas\u00a0; elle se vit \u00e0 travers des exp\u00e9riences concr\u00e8tes, sensorielles, physiques, artistiques, sociales et intellectuelles.<\/p>\n<p>Chaque \u00e9cole Steiner-Waldorf a son identit\u00e9 propre.<\/p>\n<p>L\u2019\u00c9cole de la Mhotte est une \u00e9cole de campagne dans un environnement culturellement riche. Elle cultive des liens forts avec la nature et avec le monde rural et artisanal.<\/p>\n<p>L\u2019\u00c9cole de la Mhotte est un bel endroit o\u00f9 l\u2019on vit le rythme de l\u2019ann\u00e9e \u00e0 travers de grandes et belles f\u00eates de saison. Cette dimension artistique est une part essentielle de la p\u00e9dagogie et de l\u2019\u00e9cole, tout comme sa dimension internationale nourrie par les s\u00e9jours linguistiques, les parents et enfants venant de l\u2019\u00e9tranger et l\u2019initiation \u00e0 deux langues \u00e9trang\u00e8res d\u00e8s le Jardin d\u2019enfants.<\/p>\n<p>L\u2019\u00c9cole de la Mhotte est une \u00e9cole associative hors contrat, ce qui est contraignant mais aussi vivifiant, car il s\u2019agit d\u2019\u00eatre toujours en mouvement d\u2019un point de vue administratif et d\u2019un point de vue p\u00e9dagogique. Les parents sont engag\u00e9s et sont un des piliers de l&rsquo;\u00e9cole.<\/p>\n\n\n<div class=\"wp-block-media-text alignwide is-stacked-on-mobile\"><figure class=\"wp-block-media-text__media\"><\/figure><div class=\"wp-block-media-text__content\">\n<p><\/p>\n<\/div><\/div>\n","protected":false},"excerpt":{"rendered":"<p>Nos derni\u00e8res nouvelles dans notre dernier bulletin d&rsquo;info L\u2019\u00c9cole de la Mhotte est une \u00e9cole dont le projet \u00e9ducatif se fonde sur la p\u00e9dagogie Steiner-Waldorf. Elle accueille une centaine d&rsquo;enfants <a class=\"more-link\" href=\"https:\/\/www.lamhotte.fr\/ecole\/\">Continue Reading &rarr;<\/a><\/p>\n","protected":false},"author":1,"featured_media":0,"parent":0,"menu_order":0,"comment_status":"closed","ping_status":"closed","template":"","meta":{"footnotes":""},"class_list":["post-21","page","type-page","status-publish","hentry"],"_links":{"self":[{"href":"https:\/\/www.lamhotte.fr\/ecole\/wp-json\/wp\/v2\/pages\/21","targetHints":{"allow":["GET"]}}],"collection":[{"href":"https:\/\/www.lamhotte.fr\/ecole\/wp-json\/wp\/v2\/pages"}],"about":[{"href":"https:\/\/www.lamhotte.fr\/ecole\/wp-json\/wp\/v2\/types\/page"}],"author":[{"embeddable":true,"href":"https:\/\/www.lamhotte.fr\/ecole\/wp-json\/wp\/v2\/users\/1"}],"replies":[{"embeddable":true,"href":"https:\/\/www.lamhotte.fr\/ecole\/wp-json\/wp\/v2\/comments?post=21"}],"version-history":[{"count":70,"href":"https:\/\/www.lamhotte.fr\/ecole\/wp-json\/wp\/v2\/pages\/21\/revisions"}],"predecessor-version":[{"id":1344,"href":"https:\/\/www.lamhotte.fr\/ecole\/wp-json\/wp\/v2\/pages\/21\/revisions\/1344"}],"wp:attachment":[{"href":"https:\/\/www.lamhotte.fr\/ecole\/wp-json\/wp\/v2\/media?parent=21"}],"curies":[{"name":"wp","href":"https:\/\/api.w.org\/{rel}","templated":true}]}}

<p><img loading="lazy" decoding="async" class="aligncenter wp-image-1343 size-full" src="http://www.lamhotte.fr/ecole/wp-content/uploads/2026/02/PO-14-mars-2026.jpg" alt="" width="700" height="990" srcset="https://www.lamhotte.fr/ecole/wp-content/uploads/2026/02/PO-14-mars-2026.jpg 700w, https://www.lamhotte.fr/ecole/wp-content/uploads/2026/02/PO-14-mars-2026-212x300.jpg 212w" sizes="auto, (max-width: 700px) 100vw, 700px" /></p>
<p><em>Nos dernières nouvelles dans notre dernier </em><a href="https://mailchi.mp/82ba20fa41d9/bulletin-dinfo-cole-de-la-mhotte-juillet-12935264?e=1a348d8041" target="_blank" rel="noopener"><em>bulletin d&rsquo;info</em></a></p>
<p>L’École de la Mhotte est une école dont le projet éducatif se fonde sur la pédagogie Steiner-Waldorf. Elle accueille une centaine d&rsquo;enfants de 3 ans et demi à 16 ans (du Jardin d&rsquo;enfants à la 10ème classe).</p>
<p>Nous voulons, à travers cette pédagogie, permettre à l’enfant de devenir libre de penser et d’agir en l’aidant à construire des liens de confiance avec lui-même, avec les autres – enfants et adultes, et avec le monde qui l’entoure. Cette confiance ne s’enseigne pas ; elle se vit à travers des expériences concrètes, sensorielles, physiques, artistiques, sociales et intellectuelles.</p>
<p>Chaque école Steiner-Waldorf a son identité propre.</p>
<p>L’École de la Mhotte est une école de campagne dans un environnement culturellement riche. Elle cultive des liens forts avec la nature et avec le monde rural et artisanal.</p>
<p>L’École de la Mhotte est un bel endroit où l’on vit le rythme de l’année à travers de grandes et belles fêtes de saison. Cette dimension artistique est une part essentielle de la pédagogie et de l’école, tout comme sa dimension internationale nourrie par les séjours linguistiques, les parents et enfants venant de l’étranger et l’initiation à deux langues étrangères dès le Jardin d’enfants.</p>
<p>L’École de la Mhotte est une école associative hors contrat, ce qui est contraignant mais aussi vivifiant, car il s’agit d’être toujours en mouvement d’un point de vue administratif et d’un point de vue pédagogique. Les parents sont engagés et sont un des piliers de l&rsquo;école.</p>


<div class="wp-block-media-text alignwide is-stacked-on-mobile"><figure class="wp-block-media-text__media"></figure><div class="wp-block-media-text__content">
<p></p>
</div></div>

<p>Nos dernières nouvelles dans notre dernier bulletin d&rsquo;info L’École de la Mhotte est une école dont le projet éducatif se fonde sur la pédagogie Steiner-Waldorf. Elle accueille une centaine d&rsquo;enfants <a class="more-link" href="https://www.lamhotte.fr/ecole/">Continue Reading &rarr;</a></p>
